and r?
1
Let k be 11/22*-8*-13 + -5. What is the greatest common factor of 1175 and k?
47
Let u = -12 + 97. Let b = u - 41. Suppose 76 + b = 5*a. What is the highest common factor of a and 16?
8
Let i = 285 - 301. Let y be ((-6)/(-9))/(i/(-1032)). Calculate the greatest common factor of y and 387.
43
Suppose 0 = 3*x - 0*x + 3*c - 57, -2*x = -3*c - 28. Let m = 59 - 39. Let r = m - x. What is the greatest common divisor of r and 2?
1
Let g be -44*(-20)/(-14)*28/8. Let f be 3/((-15)/g)*(-1 + 5). Let m = 60 + -38. What is the highest common divisor of f and m?
22
Suppose 2*c = 88 + 56. Let o be (c/60)/(2/10). Let l(v) = -3*v - 27. Let p be l(-19). What is the greatest common factor of o and p?
6
Let l(p) = 6*p**3 + 3*p**2 - 2*p. Let g be l(2). Let o be (-40 - -78) + 25/(-4) + 2/8. Calculate the highest common divisor of g and o.
8
Let b(v) = 90*v**2 - 40*v + 63*v**2 - 12*v + 21*v + 32. Let y be b(1). Calculate the highest common divisor of 110 and y.
22
Suppose 3*k = 24, -22*s + 25*s - 3*k - 2979 = 0. Calculate the greatest common factor of s and 14.
7
Suppose -2*a = x - 268, -4*x + 2*a + 949 + 163 = 0. Calculate the greatest common factor of 16 and x.
4
Let y be (6/11)/(-3) + (-1710912)/(-2508). What is the highest common divisor of 154 and y?
22
Suppose 40 = -90*p + 85*p. Let t be ((-378)/(-45))/((p/10)/(-4)). What is the highest common factor of t and 182?
14
Let q = 22178 - 20306. What is the highest common factor of 2574 and q?
234
Let v be ((-666)/10)/((-62)/1240). What is the greatest common factor of v and 36?
36
Let v be ((-288)/(-10) + -9)/(12/1160). What is the greatest common factor of 66 and v?
66
Let w = 195746 + -195694. Let c be 1/4 + (-726)/(-8). What is the highest common divisor of c and w?
13
Suppose -26*t = -24*t + 158. Let b = -58 - t. What is the greatest common factor of b and 189?
21
Suppose 31*o + 29*o - 240 = 0. Let p(g) = 7*g - 6 - g**3 + 2 + 3*g + 2*g**2. Let c be p(o). Calculate the greatest common factor of c and 8.
4
Let z = -16414 - -17550. Calculate the highest common factor of z and 16.
16
Let g(o) be the second derivative of o**5/20 + 11*o**4/6 - 53*o**3/6 - 46*o**2 + 11*o + 3. Let f be g(-24). What is the greatest common factor of 12 and f?
4
Let o(q) = 42*q + 1534. Let f be o(-13). Calculate the highest common factor of 156 and f.
52
Suppose -47*m + 340 = -4642. Suppose -4*d + 2*d = -106. Calculate the highest common divisor of d and m.
53
Let g(d) = -2*d - 2. Let q be g(-1). Let u be 14 + 158 - (q + 0). Let p = 337 - u. Calculate the highest common factor of p and 15.
15
Let m be (-20)/(-70) + (-3 - 248/(-14)). Let y = 129 + -124. What is the highest common factor of y and m?
5
Let p be 2 - (2 - 2 - 21). Let d = -430 - -217. Let f be d/(-9) + -2 + 4/3. What is the highest common divisor of f and p?
23
Let m(f) = -876*f - 454. Let i be m(-12). Calculate the highest common factor of 214 and i.
214
Let v be ((72/20)/3)/((-4)/(-10)). Suppose a - 156 = -4*o, 298 = v*a + 3*o - 143. What is the highest common divisor of 32 and a?
16
Let u = -51 - -64. Suppose -4*m + 39 = -b + 2*b, -m + u = -3*b. Let x be (-1632)/(-54) - 2/9. What is the greatest common divisor of m and x?
10
Let d be 142284/497 - (-1)/7*-2. Suppose -20*r + d = -7*r. Suppose 0*n = 3*n - 33. What is the greatest common divisor of n and r?
11
Suppose -n + 24 = -2*f, 25 = -5*n - 4*f + 117. Let m be 4/(n/25)*16. Suppose 13*x = 3*x + m. What is the greatest common divisor of x and 88?
8
Let f(v) = v**3 - 38*v**2 + 126. Let r be f(38). What is the greatest common factor of r and 108?
18
Suppose -21*r + 116*r - 13140 = 5*r. Calculate the highest common divisor of 4 and r.
2
Suppose 5*o - 5*y + 5 = -2*y, -7 = 4*o - 3*y. Suppose -2*x + 580 = o*x. Let d = -22881 - -22939. Calculate the highest common divisor of x and d.
29
Let t(i) = 146*i**2 + 7*i + 5. Let a be t(-1). Suppose 0 = 4*j - 0 - 24. Let m be -4*3/(j/(-8)). What is the highest common factor of m and a?
16
Suppose -2*d - 2030 = -3*y, y - 10*d - 686 = -7*d. Suppose y = -9*h + 1727. What is the highest common divisor of h and 195?
39
Let r(v) = -v**3 + 12*v**2 + v - 10. Let t be r(12). Let y(w) = -25*w + 8. Let g be y(0). What is the greatest common factor of t and g?
2
Suppose 38*m = 41*m - 4*q - 18109, 0 = -m - 3*q + 6045. What is the greatest common divisor of m and 99?
99
Let u be 3*-4 + 4 + 3/(-1). Let f = 107 + u. Let d be (9 - 7 - (-6)/(-4))*f. Calculate the greatest common divisor of 6 and d.
6
Let d = -5563 + 5571. Calculate the greatest common factor of 1144 and d.
8
Let r be 10 + 53/(848/7680). Calculate the greatest common factor of r and 12985.
245
Suppose 0 = 26*r - 35*r - 54. Let x be (r/(-4))/((-79)/(-26) + -3). Calculate the greatest common divisor of 312 and x.
39
Suppose 0 = -104*m + 71737 - 29617. Calculate the highest common divisor of m and 240.
15
Let j = 19107 - 18936. What is the highest common divisor of 722 and j?
19
Suppose 3*w + 3*t = 216, -t = -w - 0*t + 68. Suppose w = 15*k - 65. Calculate the highest common factor of 81 and k.
9
Let l = 612 + -607. Suppose -4*i - 493 - 23 = -l*x, 1 = i. Calculate the greatest common divisor of 260 and x.
52
Let r(o) = 2*o**2 + 3*o - 5. Let b = 28 + -23. Let n be r(b). What is the highest common divisor of 80 and n?
20
Let q(b) = -b**3 + 42*b**2 + b + 356. Let x be q(40). Calculate the highest common divisor of x and 248.
124
Let t = 493 + -323. Let h = -65 + 61. Let f be 2/h + (-5)/(-20)*42. Calculate the highest common factor of t and f.
10
Suppose 5*o = -120*g + 119*g + 7754, -2*o = 4*g - 3080. What is the greatest common factor of 112 and o?
16
Suppose -4*w - 3*u + 302 = -1655, -5 = 5*u. Calculate the greatest common divisor of w and 21.
7
Let y be 1101/(-9) + 5/15. Let v = 84 + y. Let s = 56 + v. Calculate the greatest common divisor of s and 54.
18
Let b(d) be the first derivative of d**3/3 - 21*d**2/2 + 35*d - 71. Let t be b(25). What is the greatest common divisor of t and 5?
5
Let u be (-31)/(-2)*(-4)/(-2). Let f be (-64)/(-8) - 92 - -6. Let x be f/65*775/(-10). What is the highest common divisor of x and u?
31
Suppose -15*j - 3360 + 5790 = 0. Calculate the greatest common factor of 18 and j.
18
Let w = -188 + 331. Let j = -95 + w. Calculate the greatest common divisor of 12 and j.
12
Let f = -15467 - -16182. What is the greatest common divisor of f and 45?
5
Let w be (55/(-20))/(2/(-8)). Let t(u) = -u**3 + 12*u**2 + 4*u - 3. Let h be t(w). Calculate the greatest common divisor of h and 6.
6
Suppose 126 = 144*y - 135*y. Suppose 250 = y*g - 9*g. What is the greatest common divisor of g and 20?
10
Suppose -3845*p + 3842*p + v = -121540, 4*p - 5*v - 162024 = 0. What is the highest common divisor of 28 and p?
28
Let f(m) = -m + 19. Let y be f(12). Suppose y*g - 74 + 18 = 0. Suppose -i + g + 6 = 0. Calculate the greatest common divisor of i and 56.
14
Suppose 0 = 5*w + 5*n - 42 - 23, -4*n = -3*w + 67. Suppose -5*l - 40 = -4*s + s, w = s + 2*l. What is the greatest common factor of s and 120?
15
Let z be 2/(-4)*(-12 - -4). Suppose 2*k - 7 = -o, -4 = 2*k - z*o + 4. Suppose -k*j - 96 = -5*j. What is the greatest common factor of j and 16?
16
Let f be 5*45*(-68 - -71). What is the highest common divisor of f and 50?
25
Let x(s) = s + 12. Let w be x(-5). Let b = 231 + -224. Suppose -36*q = -43 + b. Calculate the greatest common divisor of w and q.
1
Let u be 546/52*1/(12/8). Let o = -6 - -8. Suppose 8*m = 3*m - 3*w + 90, -o*w + 74 = 4*m. Calculate the highest common factor of m and u.
7
Suppose -162*h + 617815 = 36827 - 779650. Calculate the highest common divisor of 37 and h.
37
Let g be (8785/(-70))/(-3 + 503/168). What is the highest common divisor of 84 and g?
84
Let t(k) = -3 - 9*k - k**2 - 22 - 6 - 11*k + 4. Let f be t(-14). Calculate the greatest common divisor of f and 19.
19
Let t(i) = i**2 - 278*i - 2535. Let o be t(-9). What is the highest common divisor of o and 8864?
16
Let j = 79 + -74. Let x(i) = -5*i. Let z be x(-1). Suppose -z*l = -w - 18, 2*w + 0*l = -j*l + 39. What is the highest common factor of w and 2?
1
Let p(u) = -2*u + 18. Let n(s) = -s + 18. Let b(h) = -2*n(h) + 3*p(h). Let v be b(0). What is the greatest common factor of v and 9?
9
Suppose -5*j = -3*s + 1, 3*j = 3*s - 4*s + 19. Let x(l) = -l**3 + 8*l**2 - 3*